-2 + 5/2 + 0)*-12. Let b(j) = 3*j + 6*j**2 + j**3 - 2 - 6 + j**2. Give b(r).
10
Let x(q) = -q + 14. Let z = -1 - -3. Suppose 2*p - 2*o - 14 = 0, -p - 3*o - z = -21. Determine x(p).
4
Let i(x) = 5*x**2 + 1 - 10*x - 7*x + 13*x - x**3. Suppose 3*r - 2*r - 4 = 0. Give i(r).
1
Let x(t) = -t**3 - 17*t**2 - 14*t + 27. Let p = 1198 + -1214. Give x(p).
-5
Let t(s) = 5*s**3 - 1. Let x(q) = -3*q**3 - 6*q**2 - 2*q - 6. Let f(u) = -13*u**3 - 25*u**2 - 7*u - 25. Let d(b) = -2*f(b) + 9*x(b). Let c be d(-3). Give t(c).
-6
Let y(k) = k**3 + 23*k**2 + 40*k - 41. Let h be y(-21). Let i(p) = p + 1. Give i(h).
2
Let l(p) = p**3 - 2*p**2 - 5*p - 1. Let s be l(4). Let n = 14 - s. Let q(v) = v**3 + v**3 + 2*v - v - v**n - 2 + 2*v**2. Give q(-2).
-4
Let g be 1/(((-1)/2)/((-6)/(-12))). Let s(f) = f + 2. Let w(n) = n - 2. Let b(h) = g*s(h) + 2*w(h). What is b(-6)?
-12
Let y be (-1)/(-3) + 120/72. Suppose 0 = 3*t + 3*w + 6, -6*t + 3*w = -7*t + y. Let i(n) = n + 4. What is i(t)?
0
Let h(y) = 0 + y**3 + 11*y**2 - 6*y**2 + 1 - 13*y**2. Let m = 4 - -4. What is h(m)?
1
Let s(i) be the third derivative of i**6/24 + i**5/20 + i**4/12 + i**3/2 - 75*i**2. Give s(-2).
-29
Let j(y) be the first derivative of -27 - 1/2*y**2 + 7*y. Determine j(3).
4
Let j be (-4 - 76/(-4))/3. Let u(r) = r**2 + r - 7. What is u(j)?
23
Let v(o) = -o + 4. Let d(s) = s**2 - 2*s + 4. Suppose 0 = -c + 4*c. Let z be d(c). Determine v(z).
0
Let g(x) = -x**3 + 21*x**2 + 23*x - 30. Suppose 52 = 2*f + 4*q, 2*f - f = -3*q + 28. What is g(f)?
-8
Suppose 0*u = -3*u. Suppose 4*w + u = k - 12, -5*k = -3*w - 26. Let j(f) = k*f - 3*f - 3 + 1 + f. Give j(3).
4
Suppose 16*j = 12*j. Let m(u) = -4 + 2*u + 3 + j - 5*u. Give m(-1).
2
Suppose 24*j - 2 = -2. Let n(q) = -q**2 + q - 11. What is n(j)?
-11
Let b(t) = -2*t + 20. Let p be b(9). Suppose 4*d = -p*d. Suppose d = 4*x - 5 + 17. Let m(r) = r + 4. What is m(x)?
1
Let t(q) = q + 3. Let n(r) = -1. Let l(c) = -5*n(c) - t(c). Let o be l(7). Let x(y) = y + 6. Determine x(o).
1
Let p(g) = -2 - 2*g - 2 + 1. Let n(v) = -v**2 - 6*v - 1. Let a be n(-8). Let b = a - -12. What is p(b)?
7
Let b(w) be the second derivative of w**5/20 - w**4/12 + w**3/2 - 3*w**2/2 - w. Let q(k) = k**2 + 104*k + 1262. Let d be q(-90). Calculate b(d).
7
Let h be (-2)/(-5) - (-32)/20. Let s(v) = h + 6 - v**2 - 4 - 2*v. Let y = 796 + -800. Give s(y).
-4
Let a(s) = s**3 - 5*s**2 + s. Suppose 4*h - 9 = 7. Suppose 0 = 21*o - 32*o + 11. Let i = h + o. Calculate a(i).
5
Let l(i) = 2*i - 9. Suppose -c = 4*m + 11 + 2, -2*m + 4*c - 2 = 0. Let s be (-3 - m)/4 + 6. Determine l(s).
3
Let l(v) = -18*v**2 - v. Let c(j) = 107*j**2 + 2*j + 4. Let q(h) = c(h) + 6*l(h). Give q(4).
-28
Let t = 12 + -11. Let k(v) be the second derivative of v**4/2 - v**3/3 + v**2/2 + 15*v. What is k(t)?
5
Let u(i) be the second derivative of i**6/144 + i**5/120 + 7*i**4/3 + 12*i. Let x(c) be the third derivative of u(c). What is x(-3)?
-14
Let m(x) = x + 1. Let q(w) = -3*w - 2. Let c(p) = -2*m(p) - q(p). Suppose 0 = -4*i - 20, 2*u - 4*i = -0*u + 32. Calculate c(u).
6
Let n be -7 - (1 + 0) - 6/(-6). Let y(b) = -3*b**2 - 20*b - 1. Let w be y(n). Let r(u) = -u - 3. What is r(w)?
5
Let q = 36 - 34. Suppose -q*k + 7*k + 4*d - 36 = 0, 4*k + 4*d = 32. Let g(t) = -2*t + 3. Calculate g(k).
-5
Let t(k) = -k**3 - k**2 + k + 4. Let a = 34 - 33. Let l = -1 + a. What is t(l)?
4
Let u(p) = p**2 - 11*p - 3. Suppose -144 - 109 = -23*v. Give u(v).
-3
Let c(g) = -g**2 + 9*g + 1. Let l(t) = -6*t - 10. Let u be l(-3). Give c(u).
9
Let l = -23 + 27. Let y be (14/l)/((-5)/(-10)). Let p(b) = 3*b - 2 + 11 - 4*b. Give p(y).
2
Let s(q) = -9*q**2 - 2*q + 7. Let r(z) = 19*z**2 + 3*z - 12. Let h(j) = 4*r(j) + 7*s(j). Determine h(1).
12
Let c(r) = 29*r**2 - 20*r - 6. Let g(n) = 9*n**2 - 7*n - 2. Let p(x) = -4*c(x) + 13*g(x). Calculate p(10).
-12
Let j(i) = i + i + 2 - 4 - i**2. Let c be (86 + -83)*(2 - 1). What is j(c)?
-5
Let c(t) = 2 + 3*t + 8 - 4 - 2 - 5*t. Suppose -5*s = 4*q - 6*q - 10, -5*q + s + 21 = 0. Determine c(q).
-6
Suppose 0 = m + 4*n, -2*m + 3*n = -6 - 5. Let h(b) = -26*b**2 + 8*b**2 - 4 + 4*b**2 + 3*b**2 + 5*b + 10*b**2. Give h(m).
0
Let q(i) be the first derivative of i**2/2 + 2*i - 30. What is q(-10)?
-8
Suppose -9*k - 9*k - 18 = 0. Let a(z) = 10*z**3 + z**2 - z - 1. What is a(k)?
-9
Let y(p) = -p**3 - p. Let b(d) = -4 - 2*d**3 + d**3 - 9*d**2 - d - 2 + 14*d**2. Let h(g) = b(g) - 2*y(g). Let l(m) = m**2 - 5. Let w be l(0). Determine h(w).
-11
Suppose 0 = -u - 4*u. Suppose -3*h + a = -63, 0 = -4*h - 4*a + 11 + 73. Let i(q) = q**2 + h*q - 11*q + 2 - 9*q. Determine i(u).
2
Let y(n) be the first derivative of n**3/3 + 7*n**2 - n - 771. What is y(-6)?
-49
Let v = -319 + 457. Let r = -144 + v. Let g(w) be the second derivative of w**3/3 + 3*w**2/2 + w. Calculate g(r).
-9
Let b(l) = 6 + 6 - 10*l - l**3 + 8*l**2 - 6. Let u be 2/(-4)*((-27)/9 - 11). Calculate b(u).
-15
Let t be 1 - (12/2 + 0). Suppose i + 4 = -2*j, -3*j + 0*j - 16 = -i. Let h(d) = i - 269*d**2 + 268*d**2 - 8 - 6*d. Give h(t).
1
Let u(l) be the first derivative of -l**3/3 - 10*l**2 - 23*l + 66. Give u(-19).
-4
Suppose 13 = 11*c + 46. Let x(n) = 10*n. Calculate x(c).
-30
Let c(x) = -x**2 + 12*x - 16. Let u be c(7). Let i be 190/u - 3/((-6)/(-4)). Let z(b) = 2*b. Calculate z(i).
16
Let r(b) = 2*b**2 - 10*b - 7. Let f be r(6). Suppose -21*m - 80 = -f*m. Let c(u) = u**2 + 4*u - 2. Calculate c(m).
3
Let g(s) be the third derivative of -6 + 0*s - 3*s**2 + 1/3*s**3 - 1/8*s**4. Suppose -3*t + t = -6. What is g(t)?
-7
Let s be -1 + 94 - (5 - 0). Suppose 90*w - s*w - 10 = 0. Let o(c) = -c + 7. What is o(w)?
2
Let i(d) = -15*d**3 - 6*d**2 - 5*d - 4. Let w be i(-1). Let q(c) = -c + 24. What is q(w)?
14
Let j(s) = -s - 1. Let a be -21*(0 - (-2)/(-2)). Let o be a/(-6)*8/(-7). Let r = 3 - o. Calculate j(r).
0
Suppose -5*z = -h - 17, 3*z = 2*h + 6*z - 5. Let y(c) = c + 4. Let f be y(h). Let v(p) = -2*p + 2 + 6 - p**3 - 7. What is v(f)?
-11
Let j(s) = s**2 + s. Let a(u) = 6*u**2 + 14*u + 8. Suppose 31 = -5*c + 2*c - 4*b, 0 = c - 4*b - 11. Let l(x) = c*j(x) + a(x). What is l(-6)?
-10
Let m(p) = -p**2 - 6*p - 4. Suppose 7*s - 207 = -249. Give m(s).
-4
Let y(f) = 6*f**3 - 9*f**2 + 2*f + 3. Let b(c) = -5*c**3 + 8*c**2 - 2*c - 2. Let x(w) = -5*b(w) - 4*y(w). Let j = 0 + 5. Suppose -j*o = -16 - 4. Give x(o).
6
Let d = -1 - -1. Let w(n) be the second derivative of 1/6*n**3 + n + 4*n**2 + 0. Determine w(d).
8
Let l(f) = f**2 + 19372*f - 19371*f + 6 - 2. Let b be (-1)/(-4) + (-27)/12. Let i = b - -2. Determine l(i).
4
Suppose 0 = -5*m - 25, s - 7*m + 3*m = 22. Let h(x) = -s*x + 8 + 3*x - 4. Determine h(5).
9
Let l(w) be the second derivative of 19*w**4/12 - w**3/6 + w**2/2 + 66*w. Give l(1).
19
Suppose 12 = -4*d - 3*v, 0 = -0*v - 2*v. Let p(k) = -4*k + 5. Let z be (-3 + 1)*85/34. Let t(n) = 3*n - 4. Let u(r) = z*t(r) - 4*p(r). What is u(d)?
-3
Let a = 1330 + -1340. Let k(n) = n**2 + 14*n + 31. Determine k(a).
-9
Let b(g) = 133*g - g**3 - 133*g + 6 + 6*g**2. Calculate b(6).
6
Let v(x) = -2*x - 20. Let c(y) = -y**3 - 3*y**2 - 9*y - 104. Let r be c(-5). Calculate v(r).
-2
Let q(p) = -7*p + 5. Let a(m) = 11*m - 8. Let i(k) = -5*a(k) - 8*q(k). Calculate i(9).
9
Let i(s) be the first derivative of s**2/2 - 3*s - 409. Give i(11).
8
Let f(g) be the third derivative of -g**6/720 - g**5/15 - 11*g**4/24 - 7*g**2. Let t(v) be the second derivative of f(v). Give t(-5).
-3
Suppose x - 2*x - r = -5, -7 = x - 2*r. Let l(t) = t**3 + t**2 + t. Let k(s) = s**3 + 4*s**2 + 2*s - 1. Let c(n) = x*k(n) - 4*l(n). Calculate c(-1).
4
Let n(u) = -u - 1. Let o(j) = 61 - j - 64 - 2*j. Let c be o(7). Let l be -3 - 7/(28/c). Determine n(l).
-4
Let r(v) = -v**3 - v**2 - 1. Let p(s) = 4*s**3 - 6*s + 4. Let z = 45 + -46. Let b(w) = z*p(w) - 3*r(w). Give b(4).
7
Let i = 100 + -109. Let q(y) = -y + 2. What is q(i)?
11
Let h(d) = -d**2 + 18*d - 18. Let w be (120/25)/(6/15). Let z be (w/(-24))/((-1)/34). Let u be h(z). Let k(a) = 6*a**2 + a + 1. Determine k(u).
6
Suppose 5*t - 5*a = -4 + 24, 2 = -t - 5*a. Let l(y) = 2*y**2 - 4*y + 3. What is l(t)?
9
Let a(o) = 2*o - 4. Let l(f) = -3*f + 8. Let j be 1/1 + 5 + -1. Let p(z) = j*a(z) + 3*l(z). Suppose 0 = 5*u + 12 + 3. Calculate p(u).
1
Let g be (-2 - (-2 - -4))*(-6)/4. Let b(z) = -z + 2. Let l be b(-2). Suppose